 = j**3 + 18*j**2 + 39*j + 129. Let z be n(-16). What is the greatest common factor of z and w?
17
Let p = 176 + -8. Suppose -4*x + 18 + 78 = 0. Calculate the highest common factor of x and p.
24
Let q(d) = -d**2 - 29*d + 23. Let w be q(-7). What is the highest common factor of w and 295?
59
Let t(l) = -8*l - 190. Let o be t(-24). Let g be ((-2)/1)/(1/(-135)). Suppose x - g = -o*x. Calculate the highest common divisor of 18 and x.
18
Suppose -2*j = -6, -3*s - 5*j + 888 = -j. What is the highest common divisor of 4 and s?
4
Let t be ((-12)/2)/(1 - 2). Suppose 2*d - 2*u = t*d + 134, 5*u - 85 = 2*d. Let i = -13 - d. Calculate the greatest common factor of 44 and i.
22
Let z(b) = 4 - 10*b - 4 + 11*b + 9*b**2. Let x be z(-2). Suppose 5*f - x = 21. Calculate the greatest common factor of f and 88.
11
Let l = 2830 + -1452. Calculate the highest common factor of 53 and l.
53
Let n be (-80)/(-6)*(-75)/(-2). Calculate the highest common divisor of 10 and n.
10
Let b(j) = -j**3 + 13*j**2 + 16*j - 18. Let o be b(14). Let v = 9 + 6. Calculate the greatest common factor of v and o.
5
Suppose -19*w = -6*w - 7371. Calculate the highest common factor of w and 63.
63
Suppose 0 = 49*x - 1648 - 3938. What is the greatest common divisor of x and 76?
38
Let h be ((-9)/(-15))/(6/30). Suppose -4*b + 3*q + 279 = 0, -h*b - q - 118 = -337. Let f = 3 - -9. Calculate the highest common divisor of b and f.
12
Let b = -13 + -37. Let t be 26/325 - 746/b. Let f be ((-10)/8)/((-3)/72). Calculate the highest common divisor of t and f.
15
Let w(a) be the first derivative of a**4/4 + 4*a**3/3 + a**2 + a + 7. Let s be w(-3). Suppose -n = -s*n + 627. Calculate the greatest common factor of 19 and n.
19
Let l be 8*16 - 1 - -1. Let a(y) = y**2 + 7*y + 15. Let b be a(-8). Let f = 39 - b. What is the highest common divisor of l and f?
16
Suppose 0*j - 6*j + 102 = 0. Let b(k) = 5*k - 2. Let g be b(-2). Let i = j + g. Calculate the greatest common factor of 20 and i.
5
Suppose -14*w + 5*v - 31 = -16*w, -2*w = -5*v - 1. Let y(j) = -j**3 + j**2 - j + 40. Let l be y(0). Calculate the highest common factor of l and w.
8
Let r = -18 + 36. Suppose 0 = 2*k - 4*k - 3*q - r, 3*q = k. Let v be -7*3/k*2. Calculate the greatest common divisor of 1 and v.
1
Let m(g) = 108*g - 2105. Let v be m(20). Let x(o) = -22*o**3 - 3*o**2 - 2*o - 3. Let r be x(-2). What is the greatest common divisor of v and r?
55
Suppose -4*u + p + 652 = 0, 49*p - 46*p = -12. What is the highest common factor of 90 and u?
18
Suppose 3*b = q + b - 10, 0 = 4*q + 2*b - 50. Let p(m) = -m**2 - 23*m + 18. Let r be p(0). Calculate the highest common factor of q and r.
6
Let u be (-12180)/(-140)*2/6. Calculate the highest common divisor of u and 3567.
29
Let m = -4 + 5. Let w be (-12)/(-16)*(-84)/(-9). What is the greatest common factor of m and w?
1
Let n = 907 + -553. Suppose 4*g - 3*q - 701 = 0, 0*g - n = -2*g - 2*q. Calculate the greatest common factor of g and 16.
16
Let u = 57 - 53. Let y be (u - -1*14) + 2. Calculate the highest common factor of 8 and y.
4
Let n = -19 - -36. Let v(s) = -152*s**2 + s. Let k be v(-1). Let u be 3/(-9)*0 - k. Calculate the greatest common factor of u and n.
17
Let n = -18 - -109. Calculate the greatest common divisor of n and 39.
13
Let w = -1910 + 3746. What is the greatest common factor of w and 36?
36
Let c = 317 + -277. What is the highest common factor of 8 and c?
8
Let v(q) = 63*q + 196. Let a be v(0). Calculate the highest common divisor of 441 and a.
49
Suppose 0 = -14*x + 1998 + 10602. What is the highest common factor of x and 60?
60
Let v = -26 + 59. Let t be ((-4)/(-3))/(22/v). What is the greatest common divisor of 1 and t?
1
Let q = -665 - -679. Calculate the highest common factor of 175 and q.
7
Let t be (-760)/(-30)*((-42)/(-8) - 0). Suppose 4*x = 68 + 8. What is the highest common divisor of x and t?
19
Let q(h) = 6*h**2 - 2*h. Let b be q(1). Suppose b*c - 19 = -5*f + 2, 0 = -4*f - 4*c + 20. Calculate the highest common factor of f and 7.
1
Suppose 29 - 194 = -15*t. Calculate the greatest common factor of 319 and t.
11
Let z be (-19)/(-8) - 81/216. Let k be 4*1/z*177/6. What is the highest common factor of k and 649?
59
Let u(y) = 4*y**2 - 12*y - 52. Let m be u(-4). Calculate the greatest common divisor of 390 and m.
30
Suppose 3*t + 487 = 529. Let h = 7 - 2. Suppose 0*d + 3*d + 76 = h*f, -2*f + 3*d = -34. Calculate the greatest common divisor of t and f.
14
Let r(y) = y - 4. Let h be r(0). Let a be 1/(2/h*18/(-207)). Calculate the greatest common divisor of 92 and a.
23
Let r = 1592 - 1004. Calculate the greatest common divisor of r and 63.
21
Let h(s) = -s**3 - 14*s**2 - 17*s + 12. Let z be h(-13). Suppose 3*i - 177 = -3*l, -3*l + z = -2*l + 2*i. Calculate the highest common divisor of 36 and l.
18
Let j(d) = 4*d**2 + d - 7. Let t be j(5). Suppose -y = -3*k + 5 - 35, -3*y = -k - t. What is the highest common factor of 99 and y?
33
Let l be 305*((-640)/(-50) - 12). What is the highest common divisor of 24 and l?
4
Let g be (-36)/(-30)*(-60)/(-24). Calculate the greatest common factor of 183 and g.
3
Suppose -7*v = -35*v + 2156. What is the greatest common factor of v and 33?
11
Let r be -2 - 20/(-2 + 6) - -2. Let w(t) = 4*t**2 + t - 7. Let k be w(r). What is the greatest common divisor of 11 and k?
11
Let f be 1 + (0 - -4) + 0. Let p be ((-2)/(-5))/((-3)/(-15)). Suppose x - 221 = -5*a - x, -p*x = -3*a + 139. Calculate the greatest common factor of a and f.
5
Suppose -14*y = 957 - 2623. What is the highest common factor of 68 and y?
17
Let u be (-64370)/(-185) - (-18)/333. Calculate the highest common divisor of u and 96.
12
Let b(t) = -24*t + 34. Let l be b(0). What is the highest common divisor of l and 51?
17
Let n(o) = 8*o**2 - 28*o. Let l be n(5). What is the highest common divisor of l and 15?
15
Suppose 6*a - 54 = 90. Calculate the greatest common divisor of 168 and a.
24
Let i = 19 - 938. Let a = -446 - i. Calculate the highest common factor of 43 and a.
43
Suppose 3*z + 0*h + h = 64, 0 = 2*z - 2*h - 48. Let j be -1*z*(-2)/4. What is the highest common divisor of j and 77?
11
Let b be 13 - (2 + (-4)/2) - 0. Suppose -6*c = b - 1309. Calculate the highest common divisor of 27 and c.
27
Let u = 797 - 780. Calculate the highest common factor of 119 and u.
17
Suppose 0*z + 13 = z. Let i be ((-64)/(-16))/(-2 + (-20)/(-9)). Let u = i - z. What is the highest common factor of u and 50?
5
Let f be ((-112)/(-70))/((-4)/((-17120)/4)). Calculate the greatest common factor of 16 and f.
16
Suppose 3*p + 2*p + 5*f = 15, -4*p - 5*f = -12. Let s(t) = -8*t + 51. Let v be s(6). Calculate the highest common factor of p and v.
3
Let r be 478/6 + 3/9. Let y(l) = 5*l**2 - 4*l - 1. Let i be y(3). Suppose -i = -2*j - 2*j. Calculate the highest common divisor of r and j.
8
Let i = 10 - 13. Let r(o) be the first derivative of o**4/4 + 5*o**3/3 + o**2 - 4*o - 5. Let g be r(i). What is the greatest common factor of 20 and g?
4
Suppose 2*y + 3*a - 37 = -2*a, -y = -5*a + 4. Let x be (-44)/(-6)*(-9)/(-3). What is the highest common divisor of x and y?
11
Let a(q) = -5*q - 15. Let c be a(-7). What is the greatest common divisor of 36 and c?
4
Let u = -29 - -41. Let y be 6/21 - 584/(-14). What is the greatest common factor of u and y?
6
Let n = -973 - -1703. Suppose 214 = -4*t + n. Let h = t - 66. What is the greatest common divisor of h and 42?
21
Suppose -5*k - 233 = -323. Calculate the highest common divisor of k and 60.
6
Suppose 0*z = -5*x + 4*z + 509, -4*z = -16. What is the greatest common divisor of x and 189?
21
Let u(b) be the first derivative of -2*b**3/3 - 13*b**2/2 - 6*b + 1. Let h be u(-4). Calculate the highest common factor of 98 and h.
14
Let k be (-39 + 42)/(3/416). What is the greatest common divisor of k and 13?
13
Let s(u) = -u. Let v(w) = -20*w**2 + 8*w. Let f(q) = -8*s(q) - v(q). Let d be f(1). Calculate the greatest common factor of d and 8.
4
Let i be (16/(-12))/(2/(-6)). Let g(f) = 18 + 2*f + 11 - 7 + i. Let a be g(-11). What is the highest common divisor of 6 and a?
2
Let o be 21024/234 - (-4)/26. Suppose -s + 5 = -0*s. Calculate the highest common divisor of s and o.
5
Let c = -426 + 750. Suppose -5*q + c = 4*q. What is the highest common divisor of q and 9?
9
Let t = 337 - 2